{"id":1822,"date":"2015-06-11T04:53:11","date_gmt":"2015-06-11T03:53:11","guid":{"rendered":"http:\/\/www.mediaarthistory.org\/?page_id=1822"},"modified":"2017-02-02T13:50:38","modified_gmt":"2017-02-02T12:50:38","slug":"re-create-2015-overview","status":"publish","type":"page","link":"https:\/\/www.mediaarthistory.org\/?page_id=1822","title":{"rendered":"RE-CREATE 2015 : Overview"},"content":{"rendered":"<p>Re-Create: Theories, Methods and Practices of Research-Creation in the\u00a0Histories of Media Art, Science and Technology &#8211; Montr\u00e9al, 5-8 November 2015<\/p>\n<p><a title=\"RE-CREATE 2015 \u2013 French\" href=\"http:\/\/www.mediaarthistory.org\/recreate-2015\/re-create-2015-french\">Version fran\u00e7aise<\/a><\/p>\n<hr \/>\n<p><strong>Video Presentations Online<\/strong><\/p>\n<p>Re-Create 2015 Conference, the Bridge Panel session and the Emerging Researchers&#8217; Symposium was a great success! The quality of the various presentations, events and discussions that took place over the course of the 5 days was highly praised, and this is due to our participants.<\/p>\n<p>The video documentation of the presentations and the Q&amp;A sessions is available on the MediaArtsHistoriesArchive and on the Hexagram Network Youtube channel.<\/p>\n<p>Photos are available on the Hexagram Flickr page.<\/p>\n<p><a href=\"http:\/\/pl02.donau-uni.ac.at\/jspui\/handle\/10002\/640\/browse?type=author&amp;order=ASC&amp;rpp=100&amp;submit_browse=Update\" target=\"_blank\">LINK TO ALL VIDEO PRESENTATIONS SORTED BY AUTHOR<\/a><\/p>\n<hr \/>\n<p><strong>EVENT OVERVIEW<\/strong><\/p>\n<p><strong>MAH Re-CREATE 2015 will take place from November 5-8<br \/>\n<\/strong>At Universit\u00e9 du Qu\u00e9bec \u00e0 Montr\u00e9al, Coeur des Sciences, Agora Hydro-Qu\u00e9bec, 175, avenue du Pr\u00e9sident-Kennedy, Montr\u00e9al and\u00a0at Concordia \u00a0University, E.V. building, 1515 Ste-Catherine West, Montr\u00e9al<br \/>\nBoth venues are in close proximity of each other, downtown Montreal.<\/p>\n<hr \/>\n<p><strong>Re-Create 2015<\/strong>\u00a0will mark the 10th Anniversary of the International Conference on the Histories of Media Art, Science and Technology. \u2028The conference will be hosted by two Hexagram sites at Concordia University and Universit\u00e9 du Qu\u00e9bec \u00e0 Montr\u00e9al (UQAM), core antennas of the largest network dedicated to research-based creative practice in media art, design and technology. The venues are centrally located in vibrant, downtown Montr\u00e9al \u2013 the digital arts capital of North America.\u00a0The conference will include <strong>plenary sessions of individual and panel presentations, workshops and three keynotes<\/strong>.<\/p>\n<p>The conference returns to Canada since the inaugural event Refresh! in Banff in 2005 to reflect on and re-examine topics of driving concern that have continually arisen at the previous MAH editions in Berlin (2007), Melbourne (2009), Liverpool (2011) and Riga (2013). The entanglements among practice, theory and method within media art, design, science and technology are increasingly critical to academic and cultural milieus. Concurrently, the inclusion of artistic disciplines involving technological-cultural instruments, concepts and methods is increasingly supported internationally by granting agencies and policy bodies. This has facilitated the emergence of practice-driven research paradigms, along with questions of method, validation, opportunities and problematics that such paradigms imply. Re-Create 2015 seeks to broadly interrogate the historical entanglements of practice-driven research within a wide and diverse set of international sites, disciplines and contexts related to the intertwined histories of media art, science and technology.<\/p>\n<p>Originating in Qu\u00e9bec, Research-Creation is part of the growing global movement in university research contexts to embrace creative practice as a legitimate form of knowledge production within new knowledge societies. Research-Creation is a developing research trend linking the interpretive disciplines (humanities and social sciences) with creative ones (art and design) that involves the creation of knowledge in and through creative material and performative practice. Since 2001, Research-Creation within Hexagram specifically has played a major role in Qu\u00e9bec and Canada enabling and sustaining new forms of art, design and performance to emerge within the framework of technological culture. The theme of Re-Create 2015 continues methodological discussions that Hexagram has conducted over many years involving a range of international scholars, practitioners and local research council policy makers. Re-Create conference thus follows up and extends those discussions by focusing on six core thematic questions:<\/p>\n<p><strong>(1). <span style=\"font-weight: 400;\"><strong>Theoretical Curren<\/strong><\/span>ts<\/strong><span style=\"font-weight: 400;\">\u00a0:<\/span><strong><span style=\"font-weight: 400;\">\u00a0<\/span><span style=\"font-weight: 400;\">How do the Senses, Animals and the Apocalypse inform research-creation practices ?<br \/>\n<\/span><\/strong><\/p>\n<p><strong>(2). <span style=\"font-weight: 400;\"><strong>Site<\/strong><\/span>s<\/strong><span style=\"font-weight: 400;\">\u00a0:<\/span><strong><span style=\"font-weight: 400;\">\u00a0<\/span><span style=\"font-weight: 400;\">How have sites of research and practice evolved in <\/span><span style=\"font-weight: 400;\">Latin America, Eastern Europe, Japan, Sweden and Indigenous Cultures?<br \/>\n<\/span><\/strong><\/p>\n<p><strong>(3). <span style=\"font-weight: 400;\"><strong>Histories of the Studio La<\/strong><\/span>b<\/strong><span style=\"font-weight: 400;\">\u00a0:<\/span><strong><span style=\"font-weight: 400;\">\u00a0<\/span><span style=\"font-weight: 400;\">How have Australian, British, Canadian and American artists historically worked in academia, industry and generative art?<\/span><\/strong><\/p>\n<p><strong>(4).\u00a0New Methods : <\/strong><span style=\"font-weight: 400;\">What can the concept of co-production (STS), <\/span><i><span style=\"font-weight: 400;\">musique concr\u00e8te, <\/span><\/i><span style=\"font-weight: 400;\">\u00a0intersectionality theory and critical race studies, as well as the debates about the \u201cpractice turn\u201d in higher education provide to the historical and critical positioning of practice?<\/span><\/p>\n<p><strong>(5). <span style=\"font-weight: 400;\"><strong>Digital Humanities and Critical Practices :<\/strong> What are the challenges and the future of transdisciplinary collaboration? What can media archeology do for the humanities and contemporary academic culture? How has failure impacted practice-led research<\/span><span style=\"font-weight: 400;\">?<\/span><\/strong><\/p>\n<p><strong>(6).\u00a0Curatorial Actions and Practices : <\/strong><span style=\"font-weight: 400;\">How have philosophy, industrial creation, feminism, sound and \u201cimageness\u201d historically entered into curatorial practices?<\/span><\/p>\n<p><span style=\"font-weight: 400;\"><strong>PRESENTERS<\/strong> :\u00a0Clarisse BARDIOT, Michele BARKER, Giselle BEIGUELMAN, Georgina BORN, Roberta BUIANI, Yan BREULEUX, Andres BURBANO, Michael CENTURY, Owen CHAPMAN, <\/span><span style=\"font-weight: 400;\">Budhaditya CHATTOPADHYAY, Barbara CLAUSEN,<\/span><span style=\"font-weight: 400;\"> Hart COHEN, \u00a0Ricardo DAL FARRA, Michael DARROCH, Alison DE FREN, Sara DIAMOND, \u00a0Lori EMERSON, Maria FERNANDEZ, Francesca FRANCO, Darko FRITZ, Monika Kin GAGNON, Laura GRACIA, Orit HALPERN, Kevin HAMILTON, Jens HAUSER, Mark HAYWARD, Paul HEYER, Stefan HOLTGEN, David HOWES, \u00a0Alice Ming Wai JIM, \u00a0Martyn JOLLY, Srajana KAIKINI, Katja KWASTEK, Fran\u00e7ois-Joseph LAPOINTE, Martina LEEKER, Jason LEWIS, \u00a0Patrick LICHTY, Alison LOADER, Jung-Yeon MA, Roger MALINA, Jos\u00e9-Carlos MARIATEGUI, Jelena MARTINOVIC, Patrick McCRAY, Gabriel MENOTTI, \u00a0Jo Ana MORFIN, Anna MUNSTER, Ignacio NIETO, Sally Jane NORMAN, Jussi PARIKKA, Christiane PAUL, Anthony OATES, Jesper OLSSON, Anna ORRGHEN, \u00a0Maciej OZOG, Simon PENNY, \u00a0Shintaro MIYAZAKI, \u00a0Cheryl SIM, <\/span><span style=\"font-weight: 400;\">Morten S\u00f8NDERGAARD,<\/span><span style=\"font-weight: 400;\"> Ghislain THIBAULT, Darren WERSHLER, Ruth WEST, Solvita ZARINA<\/span><\/p>\n<p>Conference c0-chair: Dr. Christopher Salter, Co-Director, Hexagram; Associate Professor Design and Computation Arts, Faculty of Fine Arts, Concordia University<\/p>\n<p>Conference co-chair: Gis\u00e8le Trudel, Professor, \u00a0School of Visual and Media Arts, Arts Faculty, University of Qu\u00e9bec at Montreal. Trudel is the former Director of Hexagram-UQAM (2011-13) and Co-Director of Hexagram (2012-15).<\/p>\n<p>&nbsp;<\/p>\n<p><strong>PRE-CONFERENCE EVENTS<\/strong><\/p>\n<p><strong>The Emerging Researchers\u2019 symposium<br \/>\n<\/strong>A special one-day pre-conference event will take place on\u00a0<strong>November 4, 2015:\u00a0<a href=\"http:\/\/emergingresearchers-mah2015.org\" target=\"_blank\">The Emerging Researchers (ER) symposium<\/a><\/strong>, organized and peer-reviewed by PhD students. The ER Symposium highlights the contributions of new scholars in the expanding interdisciplinary domain of media art histories and focuses on questions of interdisciplinarity, institutional versus anti-institutional research-driven practice, and the entanglements of infrastructure, funding, power and tradition that have historically grounded \u201cresearch.\u201d The symposium will be a unique opportunity for graduate students, recent PhDs and Postdocs as well as emerging practitioners outside of the academic milieu, to present their research and practices in the context of an international community of scholars and students, expand on and exchange ideas in working groups and receive feedback from established mentor experts in the field.<\/p>\n<p>For the first time, the organizers of the International Conference series on the Histories of Media Art, Science and Technology in affiliation with Leonardo\/ISAST, a driving force leading the field, is offering a scholarship in recognition of the best presentation at the Emerging Researchers\u2019 Symposium in collaboration with Media Art Histories Re-Create 2015. The recipient will be awarded $1000 CAN to support their ongoing research. The award will be presented at the opening of Re-Create, November 5th. The scholarship is generously donated by Leonardo\/ISAST and the editors of\u00a0<i>Relive: Media Art Histories<\/i>\u00a0(Leonardo Book Series, MIT Press,\u00a0<a href=\"https:\/\/owa.concordia.ca\/owa\/redir.aspx?C=tLHIGCyC80KM9x_eQV0E-kpyj7yyYNIIIx1sLVfY7FQtYhVR-n9yvqo7mxUV2_ryv2elUPT1FMw.&amp;URL=http%3a%2f%2fwww.mitpress.mit.edu%2fbooks%2frelive\">www.mitpress.mit.edu\/books\/relive<\/a>).<\/p>\n<p>On the morning of the opening of the main conference (November 5th), a special\u00a0<strong>\u201cBridge\u201d panel session<\/strong>, moderated by KDMI Senior Fellow (U Toronto) Nina Czegledy, will create a link between the ER symposium and the Re-Create main conference. Featuring graduate student participants from the ER and expert mentors, this session will summarize the results of the ER conference and \u201cbridge\u201d them in relation to MAH\u2019s themes.<\/p>\n<p><strong>SATELLITE EVENTS<\/strong><\/p>\n<p>We encourage delegates to discover the vibrant Montreal media arts culture. During the week of MAH Re-Create 2015, several\u00a0<strong>satellite events<\/strong>\u00a0are being planned in collaboration with local cultural organizations. These include the Faculty of Fine Arts (FOFA) Gallery, Galerie de l\u2019UQAM, Oboro, SAT, Elektra\/BIAN, Canadian Center for Architecture, the Goethe Institut, the Mus\u00e9e d\u2019art contemporain, and the Montreal Museum of Fine Arts. Several book and special editions will be launched during MAH, including a special dedicated edition on the methodologies of research-creation by\u00a0<i>Media<\/i>&#8211;<i>N<\/i>, the Journal of the New Media Caucus.<\/p>\n","protected":false},"excerpt":{"rendered":"<p>Re-Create: Theories, Methods and Practices of Research-Creation in the\u00a0Histories of Media Art, Science and Technology &#8211; Montr\u00e9al, 5-8 November 2015 Version fran\u00e7aise Video Presentations Online Re-Create 2015 Conference, the Bridge Panel session and the Emerging Researchers&#8217; Symposium was a great success! The quality of the various presentations, events and discussions that took place over the course of the 5 days was highly praised, and this is due to our participants. The video documentation of the presentations and the Q&amp;A sessions is available on the MediaArtsHistoriesArchive and on the Hexagram Network Youtube channel. Photos are available on the Hexagram Flickr page. LINK TO ALL VIDEO PRESENTATIONS SORTED BY AUTHOR EVENT OVERVIEW MAH Re-CREATE 2015 will take place from November 5-8 At Universit\u00e9 du Qu\u00e9bec \u00e0 Montr\u00e9al, Coeur des Sciences, Agora Hydro-Qu\u00e9bec, 175, avenue du Pr\u00e9sident-Kennedy, Montr\u00e9al and\u00a0at Concordia \u00a0University, E.V. building, 1515 Ste-Catherine West, Montr\u00e9al Both venues are in close proximity of each other, downtown Montreal. Re-Create 2015\u00a0will mark the 10th Anniversary of the International Conference on the Histories of Media Art, Science and Technology. \u2028The conference will be hosted by two Hexagram sites at Concordia University and Universit\u00e9 du Qu\u00e9bec \u00e0 Montr\u00e9al (UQAM), core antennas of the largest network dedicated to research-based creative practice in media art, design and technology. The venues are centrally located in vibrant, downtown Montr\u00e9al \u2013 the digital arts capital of North America.\u00a0The conference will include plenary sessions of individual and panel presentations, workshops and three keynotes. The conference returns to Canada since the inaugural event Refresh! in Banff in 2005 to reflect on and re-examine topics of driving concern that have continually arisen at the previous MAH editions in Berlin (2007), Melbourne (2009), Liverpool (2011) and Riga (2013). The entanglements among practice, theory and method within media art, design, science and technology are increasingly critical to academic and cultural milieus. Concurrently, the inclusion of artistic disciplines involving technological-cultural instruments, concepts and methods is increasingly supported internationally by granting agencies and policy bodies. This has facilitated the emergence of practice-driven research paradigms, along with questions of method, validation, opportunities and problematics that such paradigms imply. Re-Create 2015 seeks to broadly interrogate the historical entanglements of practice-driven research within a wide and diverse set of international sites, disciplines and contexts related to the intertwined histories of media art, science and technology. Originating in Qu\u00e9bec, Research-Creation is part of the growing global movement in university research contexts to embrace creative practice as a legitimate form of knowledge production within new knowledge societies. Research-Creation is a developing research trend linking the interpretive disciplines (humanities and social sciences) with creative ones (art and design) that involves the creation of knowledge in and through creative material and performative practice. Since 2001, Research-Creation within Hexagram specifically has played a major role in Qu\u00e9bec and Canada enabling and sustaining new forms of art, design and performance to emerge within the framework of technological culture. The theme of Re-Create 2015 continues methodological discussions that Hexagram has conducted over many years involving a range of international scholars, practitioners and local research council policy makers. Re-Create conference thus follows up and extends those discussions by focusing on six core thematic questions: (1). Theoretical Currents\u00a0:\u00a0How do the Senses, Animals and the Apocalypse inform research-creation practices ? (2). Sites\u00a0:\u00a0How have sites of research and practice evolved in Latin America, Eastern Europe, Japan, Sweden and Indigenous Cultures? (3). Histories of the Studio Lab\u00a0:\u00a0How have Australian, British, Canadian and American artists historically worked in academia, industry and generative art? (4).\u00a0New Methods : What can the concept of co-production (STS), musique concr\u00e8te, \u00a0intersectionality theory and critical race studies, as well as the debates about the \u201cpractice turn\u201d in higher education provide to the historical and critical positioning of practice? (5). Digital Humanities and Critical Practices : What are the challenges and the future of transdisciplinary collaboration? What can media archeology do for the humanities and contemporary academic culture? How has failure impacted practice-led research? (6).\u00a0Curatorial Actions and Practices : How have philosophy, industrial creation, feminism, sound and \u201cimageness\u201d historically entered into curatorial practices? PRESENTERS :\u00a0Clarisse BARDIOT, Michele BARKER, Giselle BEIGUELMAN, Georgina BORN, Roberta BUIANI, Yan BREULEUX, Andres BURBANO, Michael CENTURY, Owen CHAPMAN, Budhaditya CHATTOPADHYAY, Barbara CLAUSEN, Hart COHEN, \u00a0Ricardo DAL FARRA, Michael DARROCH, Alison DE FREN, Sara DIAMOND, \u00a0Lori EMERSON, Maria FERNANDEZ, Francesca FRANCO, Darko FRITZ, Monika Kin GAGNON, Laura GRACIA, Orit HALPERN, Kevin HAMILTON, Jens HAUSER, Mark HAYWARD, Paul HEYER, Stefan HOLTGEN, David HOWES, \u00a0Alice Ming Wai JIM, \u00a0Martyn JOLLY, Srajana KAIKINI, Katja KWASTEK, Fran\u00e7ois-Joseph LAPOINTE, Martina LEEKER, Jason LEWIS, \u00a0Patrick LICHTY, Alison LOADER, Jung-Yeon MA, Roger MALINA, Jos\u00e9-Carlos MARIATEGUI, Jelena MARTINOVIC, Patrick McCRAY, Gabriel MENOTTI, \u00a0Jo Ana MORFIN, Anna MUNSTER, Ignacio NIETO, Sally Jane NORMAN, Jussi PARIKKA, Christiane PAUL, Anthony OATES, Jesper OLSSON, Anna ORRGHEN, \u00a0Maciej OZOG, Simon PENNY, \u00a0Shintaro MIYAZAKI, \u00a0Cheryl SIM, Morten S\u00f8NDERGAARD, Ghislain THIBAULT, Darren WERSHLER, Ruth WEST, Solvita ZARINA Conference c0-chair: Dr. Christopher Salter, Co-Director, Hexagram; Associate Professor Design and Computation Arts, Faculty of Fine Arts, Concordia University Conference co-chair: Gis\u00e8le Trudel, Professor, \u00a0School of Visual and Media Arts, Arts Faculty, University of Qu\u00e9bec at Montreal. Trudel is the former Director of Hexagram-UQAM (2011-13) and Co-Director of Hexagram (2012-15). &nbsp; PRE-CONFERENCE EVENTS The Emerging Researchers\u2019 symposium A special one-day pre-conference event will take place on\u00a0November 4, 2015:\u00a0The Emerging Researchers (ER) symposium, organized and peer-reviewed by PhD students. The ER Symposium highlights the contributions of new scholars in the expanding interdisciplinary domain of media art histories and focuses on questions of interdisciplinarity, institutional versus anti-institutional research-driven practice, and the entanglements of infrastructure, funding, power and tradition that have historically grounded \u201cresearch.\u201d The symposium will be a unique opportunity for graduate students, recent PhDs and Postdocs as well as emerging practitioners outside of the academic milieu, to present their research and practices in the context of an international community of scholars and students, expand on and exchange ideas in working groups and receive feedback from established mentor experts in the field. For the first time, the organizers of the International Conference series on the Histories of Media [&hellip;]<\/p>\n","protected":false},"author":1,"featured_media":0,"parent":1375,"menu_order":4,"comment_status":"closed","ping_status":"closed","template":"","meta":[],"_links":{"self":[{"href":"https:\/\/www.mediaarthistory.org\/index.php?rest_route=\/wp\/v2\/pages\/1822"}],"collection":[{"href":"https:\/\/www.mediaarthistory.org\/index.php?rest_route=\/wp\/v2\/pages"}],"about":[{"href":"https:\/\/www.mediaarthistory.org\/index.php?rest_route=\/wp\/v2\/types\/page"}],"author":[{"embeddable":true,"href":"https:\/\/www.mediaarthistory.org\/index.php?rest_route=\/wp\/v2\/users\/1"}],"replies":[{"embeddable":true,"href":"https:\/\/www.mediaarthistory.org\/index.php?rest_route=%2Fwp%2Fv2%2Fcomments&post=1822"}],"version-history":[{"count":21,"href":"https:\/\/www.mediaarthistory.org\/index.php?rest_route=\/wp\/v2\/pages\/1822\/revisions"}],"predecessor-version":[{"id":2538,"href":"https:\/\/www.mediaarthistory.org\/index.php?rest_route=\/wp\/v2\/pages\/1822\/revisions\/2538"}],"up":[{"embeddable":true,"href":"https:\/\/www.mediaarthistory.org\/index.php?rest_route=\/wp\/v2\/pages\/1375"}],"wp:attachment":[{"href":"https:\/\/www.mediaarthistory.org\/index.php?rest_route=%2Fwp%2Fv2%2Fmedia&parent=1822"}],"curies":[{"name":"wp","href":"https:\/\/api.w.org\/{rel}","templated":true}]}}