{"id":4442,"date":"2022-08-22T14:34:23","date_gmt":"2022-08-22T13:34:23","guid":{"rendered":"http:\/\/www.mediaarthistory.org\/?page_id=4442"},"modified":"2022-08-22T14:57:12","modified_gmt":"2022-08-22T13:57:12","slug":"site-notice","status":"publish","type":"page","link":"https:\/\/www.mediaarthistory.org\/?page_id=4442","title":{"rendered":"Site Notice"},"content":{"rendered":"\n<p><em>Information according to \u00a7 5 Austrian E-Commerce Act and Disclosure according to \u00a7 25 Austrian Media Act<\/em>&nbsp;<\/p>\n\n\n\n<figure class=\"wp-block-image size-full\"><img src=\"http:\/\/www.mediaarthistory.org\/wp-content\/uploads\/2022\/08\/image-1.png\" alt=\"\" class=\"wp-image-4444\"\/><\/figure>\n\n\n\n<p><strong>Intention of this Website<\/strong>\u00a0<br>This website informs about the Platform for the Histories of Media Art, Science and Technology<br>via MAH Headquarters\u00a0<br><strong>Society for the Histories of Media Art, Science and Technology<\/strong>\u202f(a registered Association in Austria : ZVR# 683618343)\u00a0<br>Webmaster:\u202fcoordination(at)mediaarthistory.org\u00a0<\/p>\n\n\n\n<figure class=\"wp-block-image size-full\"><img src=\"http:\/\/www.mediaarthistory.org\/wp-content\/uploads\/2022\/08\/image-3.png\" alt=\"\" class=\"wp-image-4446\"\/><\/figure>\n\n\n\n<p><strong>Disclaimer of Warranty<\/strong>&nbsp;<br>The information on this website was carefully reviewed. Nevertheless, we do not guarantee for the accuracy, completeness and the timeliness of the information provided. Please consider, that information\/data on this web site could be infected with malware.&nbsp;<\/p>\n\n\n\n<figure class=\"wp-block-image size-full\"><img src=\"http:\/\/www.mediaarthistory.org\/wp-content\/uploads\/2022\/08\/image.png\" alt=\"\" class=\"wp-image-4443\"\/><\/figure>\n\n\n\n<p><strong>Copyright<\/strong>&nbsp;<br>The content of this website is copyrighted. Using (parts of) this content is only allowed with an explicit permission of the respective owner.&nbsp;<\/p>\n\n\n\n<figure class=\"wp-block-image size-full\"><img src=\"http:\/\/www.mediaarthistory.org\/wp-content\/uploads\/2022\/08\/image-4.png\" alt=\"\" class=\"wp-image-4447\"\/><\/figure>\n\n\n\n<p><strong>Concept, Design, Webdevelopment<\/strong>&nbsp;<br>Society for the Histories of Media Art, Science and Technology&nbsp;<\/p>\n\n\n\n<figure class=\"wp-block-image size-full\"><img src=\"http:\/\/www.mediaarthistory.org\/wp-content\/uploads\/2022\/08\/image-6.png\" alt=\"\" class=\"wp-image-4449\"\/><\/figure>\n\n\n\n<p><strong>Links<\/strong>&nbsp;<br>Linking to the pages of this website is explicitly welcome.&nbsp;<br>It is forbidden to show pages of this website in a frame set of another webpage.&nbsp;<br>Our links to other websites are intended to be useful hints for our visitors, but we do not identify ourselves with the content of those websites and we are not liable for their content. In case one of the sites that we link to contains questionable or illegal content, we would be happy if you could inform us in order to delete those links.\u202f&nbsp;<\/p>\n\n\n\n<figure class=\"wp-block-image size-full\"><img src=\"http:\/\/www.mediaarthistory.org\/wp-content\/uploads\/2022\/08\/image-2.png\" alt=\"\" class=\"wp-image-4445\"\/><\/figure>\n\n\n\n<p><strong>Personal Data<\/strong>&nbsp;<br>With regard to the call for proposals\/papers process, inclusion in the MAHArchive and\u202fother communication, Media Art Histories management declares that information relating to individuals (personal data) is collected and used in accordance with the Regulation (EC) N\u00b0 45\/2001 of the European Parliament and of the Council of 18.12.2000 on the protection of individuals with regard to the processing of personal data by the Community institutions and bodies and on the free movement of such data (OJ L8 of 12.1.2001, p. 1).&nbsp;<\/p>\n\n\n\n<figure class=\"wp-block-image size-full\"><img src=\"http:\/\/www.mediaarthistory.org\/wp-content\/uploads\/2022\/08\/image-5.png\" alt=\"\" class=\"wp-image-4448\"\/><\/figure>\n\n\n\n<p><strong>Google Analytics<\/strong>&nbsp;<br>\u201cDiese Website benutzt Google Analytics, einen Webanalysedienst der Google Inc. (\u201cGoogle\u201d). Google Analytics verwendet sog. \u201cCookies\u201d, Textdateien, die auf Ihrem Computer gespeichert werden und die eine Analyse der Benutzung der Website durch Sie erm\u00f6glichen. Die durch den Cookie erzeugten Informationen \u00fcber Ihre Benutzung dieser Website werden in der Regel an einen Server von Google in den USA \u00fcbertragen und dort gespeichert. Im Falle der Aktivierung der IP-Anonymisierung auf dieser Webseite, wird Ihre IP-Adresse von Google jedoch innerhalb von Mitgliedstaaten der Europ\u00e4ischen Union oder in anderen Vertragsstaaten des Abkommens \u00fcber den Europ\u00e4ischen Wirtschaftsraum zuvor gek\u00fcrzt. Nur in Ausnahmef\u00e4llen wird die volle IP-Adresse an einen Server von Google in den USA \u00fcbertragen und dort gek\u00fcrzt. Im Auftrag des Betreibers dieser Website wird Google diese Informationen benutzen, um Ihre Nutzung der Website auszuwerten, um Reports \u00fcber die Websiteaktivit\u00e4ten zusammenzustellen und um weitere mit der Websitenutzung und der Internetnutzung verbundene Dienstleistungen gegen\u00fcber dem Websitebetreiber zu erbringen. Die im Rahmen von Google Analytics von Ihrem Browser \u00fcbermittelte IP-Adresse wird nicht mit anderen Daten von Google zusammengef\u00fchrt. Sie k\u00f6nnen die Speicherung der Cookies durch eine entsprechende Einstellung Ihrer Browser-Software verhindern; wir weisen Sie jedoch darauf hin, dass Sie in diesem Fall gegebenenfalls nicht s\u00e4mtliche Funktionen dieser Website vollumf\u00e4nglich werden nutzen k\u00f6nnen. Sie k\u00f6nnen dar\u00fcber hinaus die Erfassung der durch das Cookie erzeugten und auf Ihre Nutzung der Website bezogenen Daten (inkl. Ihrer IP-Adresse) an Google sowie die Verarbeitung dieser Daten durch Google verhindern, indem sie das unter dem folgenden Link verf\u00fcgbare Browser-Plugin herunterladen und installieren\u202f<a href=\"http:\/\/tools.google.com\/dlpage\/gaoptout?hl=de.\" target=\"_blank\" rel=\"noreferrer noopener\">http:\/\/tools.google.com\/dlpage\/gaoptout?hl=de.<\/a>\u201d&nbsp;<\/p>\n","protected":false},"excerpt":{"rendered":"<p>Information according to \u00a7 5 Austrian E-Commerce Act and Disclosure according to \u00a7 25 Austrian Media Act&nbsp; Intention of this Website\u00a0This website informs about the Platform for the Histories of Media Art, Science and Technologyvia MAH Headquarters\u00a0Society for the Histories of Media Art, Science and Technology\u202f(a registered Association in Austria : ZVR# 683618343)\u00a0Webmaster:\u202fcoordination(at)mediaarthistory.org\u00a0 Disclaimer of Warranty&nbsp;The information on this website was carefully reviewed. Nevertheless, we do not guarantee for the accuracy, completeness and the timeliness of the information provided. Please consider, that information\/data on this web site could be infected with malware.&nbsp; Copyright&nbsp;The content of this website is copyrighted. Using (parts of) this content is only allowed with an explicit permission of the respective owner.&nbsp; Concept, Design, Webdevelopment&nbsp;Society for the Histories of Media Art, Science and Technology&nbsp; Links&nbsp;Linking to the pages of this website is explicitly welcome.&nbsp;It is forbidden to show pages of this website in a frame set of another webpage.&nbsp;Our links to other websites are intended to be useful hints for our visitors, but we do not identify ourselves with the content of those websites and we are not liable for their content. In case one of the sites that we link to contains questionable or illegal content, we would be happy if you could inform us in order to delete those links.\u202f&nbsp; Personal Data&nbsp;With regard to the call for proposals\/papers process, inclusion in the MAHArchive and\u202fother communication, Media Art Histories management declares that information relating to individuals (personal data) is collected and used in accordance with the Regulation (EC) N\u00b0 45\/2001 of the European Parliament and of the Council of 18.12.2000 on the protection of individuals with regard to the processing of personal data by the Community institutions and bodies and on the free movement of such data (OJ L8 of 12.1.2001, p. 1).&nbsp; Google Analytics&nbsp;\u201cDiese Website benutzt Google Analytics, einen Webanalysedienst der Google Inc. (\u201cGoogle\u201d). Google Analytics verwendet sog. \u201cCookies\u201d, Textdateien, die auf Ihrem Computer gespeichert werden und die eine Analyse der Benutzung der Website durch Sie erm\u00f6glichen. Die durch den Cookie erzeugten Informationen \u00fcber Ihre Benutzung dieser Website werden in der Regel an einen Server von Google in den USA \u00fcbertragen und dort gespeichert. Im Falle der Aktivierung der IP-Anonymisierung auf dieser Webseite, wird Ihre IP-Adresse von Google jedoch innerhalb von Mitgliedstaaten der Europ\u00e4ischen Union oder in anderen Vertragsstaaten des Abkommens \u00fcber den Europ\u00e4ischen Wirtschaftsraum zuvor gek\u00fcrzt. Nur in Ausnahmef\u00e4llen wird die volle IP-Adresse an einen Server von Google in den USA \u00fcbertragen und dort gek\u00fcrzt. Im Auftrag des Betreibers dieser Website wird Google diese Informationen benutzen, um Ihre Nutzung der Website auszuwerten, um Reports \u00fcber die Websiteaktivit\u00e4ten zusammenzustellen und um weitere mit der Websitenutzung und der Internetnutzung verbundene Dienstleistungen gegen\u00fcber dem Websitebetreiber zu erbringen. Die im Rahmen von Google Analytics von Ihrem Browser \u00fcbermittelte IP-Adresse wird nicht mit anderen Daten von Google zusammengef\u00fchrt. Sie k\u00f6nnen die Speicherung der Cookies durch eine entsprechende Einstellung Ihrer Browser-Software verhindern; wir weisen Sie jedoch darauf hin, dass Sie in diesem Fall gegebenenfalls nicht s\u00e4mtliche Funktionen dieser Website vollumf\u00e4nglich werden nutzen k\u00f6nnen. Sie k\u00f6nnen dar\u00fcber hinaus die Erfassung der durch das Cookie erzeugten und auf Ihre Nutzung der Website bezogenen Daten (inkl. Ihrer IP-Adresse) an Google sowie die Verarbeitung dieser Daten durch Google verhindern, indem sie das unter dem folgenden Link verf\u00fcgbare Browser-Plugin herunterladen und installieren\u202fhttp:\/\/tools.google.com\/dlpage\/gaoptout?hl=de.\u201d&nbsp;<\/p>\n","protected":false},"author":1,"featured_media":0,"parent":0,"menu_order":0,"comment_status":"closed","ping_status":"closed","template":"","meta":[],"_links":{"self":[{"href":"https:\/\/www.mediaarthistory.org\/index.php?rest_route=\/wp\/v2\/pages\/4442"}],"collection":[{"href":"https:\/\/www.mediaarthistory.org\/index.php?rest_route=\/wp\/v2\/pages"}],"about":[{"href":"https:\/\/www.mediaarthistory.org\/index.php?rest_route=\/wp\/v2\/types\/page"}],"author":[{"embeddable":true,"href":"https:\/\/www.mediaarthistory.org\/index.php?rest_route=\/wp\/v2\/users\/1"}],"replies":[{"embeddable":true,"href":"https:\/\/www.mediaarthistory.org\/index.php?rest_route=%2Fwp%2Fv2%2Fcomments&post=4442"}],"version-history":[{"count":3,"href":"https:\/\/www.mediaarthistory.org\/index.php?rest_route=\/wp\/v2\/pages\/4442\/revisions"}],"predecessor-version":[{"id":4454,"href":"https:\/\/www.mediaarthistory.org\/index.php?rest_route=\/wp\/v2\/pages\/4442\/revisions\/4454"}],"wp:attachment":[{"href":"https:\/\/www.mediaarthistory.org\/index.php?rest_route=%2Fwp%2Fv2%2Fmedia&parent=4442"}],"curies":[{"name":"wp","href":"https:\/\/api.w.org\/{rel}","templated":true}]}}